38
Calculate the greatest common factor of 122581464 and 912.
456
Calculate the highest common factor of 9 and 1245006621.
9
Calculate the highest common factor of 15 and 14600895.
15
What is the highest common factor of 22534855 and 266?
133
What is the highest common divisor of 425 and 9253525?
425
What is the greatest common factor of 3774524 and 832?
52
Calculate the greatest common divisor of 24 and 207932888.
8
What is the greatest common factor of 55 and 1861387?
11
Calculate the greatest common factor of 1448 and 37.
1
Calculate the highest common factor of 83252 and 25981028.
6404
What is the greatest common factor of 83712 and 75584?
64
What is the greatest common divisor of 2392119 and 513?
513
What is the greatest common factor of 1998658 and 2?
2
What is the greatest common divisor of 10340056 and 16?
8
What is the greatest common divisor of 25740 and 295880?
260
Calculate the highest common divisor of 14 and 2182973821.
7
Calculate the greatest common factor of 2971892 and 770.
154
Calculate the highest common divisor of 627995 and 85910.
355
What is the highest common factor of 2083636 and 239812?
1436
What is the greatest common divisor of 170102 and 33932?
34
What is the highest common divisor of 47 and 155083597?
47
What is the highest common factor of 868 and 6293744?
124
Calculate the highest common divisor of 262278775 and 460.
115
Calculate the greatest common factor of 101134467 and 9.
9
What is the highest common factor of 800930 and 56095?
65
Calculate the greatest common factor of 196 and 13073396.
196
Calculate the greatest common factor of 415 and 114526720.
415
What is the greatest common divisor of 747626 and 13552?
22
What is the highest common divisor of 30559774 and 14?
14
What is the highest common divisor of 13262 and 59774?
38
Calculate the greatest common divisor of 1795422 and 946.
86
Calculate the greatest common divisor of 3888 and 370089.
243
Calculate the highest common divisor of 1115 and 448453.
223
What is the greatest common factor of 12 and 1514256?
12
Calculate the greatest common factor of 736584 and 399876.
564
What is the greatest common divisor of 12 and 635018592?
12
What is the greatest common divisor of 162621 and 85671?
513
What is the highest common factor of 319957872 and 31616?
3952
What is the greatest common divisor of 137698186 and 2042?
2042
Calculate the greatest common divisor of 1504566 and 1638.
126
Calculate the highest common divisor of 24723921 and 57.
57
What is the greatest common divisor of 12540198 and 18024?
4506
What is the greatest common divisor of 18196151 and 23?
23
What is the highest common factor of 1654212 and 45402?
1974
Calculate the greatest common divisor of 110085 and 1303299.
537
What is the highest common factor of 150045 and 24045?
105
Calculate the highest common divisor of 4097 and 217864.
241
What is the greatest common divisor of 833653359 and 21?
21
What is the greatest common divisor of 11289 and 1275339?
159
What is the greatest common factor of 830404765 and 1390?
695
Calculate the greatest common divisor of 9 and 1143969.
3
Calculate the greatest common divisor of 3737 and 5286542.
101
Calculate the greatest common factor of 682 and 8280906.
62
Calculate the highest common factor of 27 and 1709914347.
27
Calculate the greatest common factor of 11917080 and 3843.
63
Calculate the greatest common divisor of 993086 and 7178.
194
Calculate the highest common factor of 48 and 19192794.
6
Calculate the highest common factor of 31304 and 2558199.
301
Calculate the greatest common factor of 138152 and 1736.
56
What is the highest common factor of 8040 and 2436388?
268
What is the greatest common factor of 141 and 53832907?
47
What is the greatest common factor of 16319776 and 3408?
1136
What is the highest common factor of 35660 and 29780?
20
What is the highest common divisor of 15825240 and 252?
36
What is the highest common factor of 1717 and 179537?
17
What is the highest common divisor of 1621 and 6299?
1
Calculate the highest common factor of 6476 and 2012.
4
Calculate the highest common factor of 343204 and 140532.
956
Calculate the highest common divisor of 1897 and 2689675.
271
What is the highest common factor of 129 and 95985159?
129
What is the greatest common divisor of 427 and 352336?
61
Calculate the greatest common factor of 861453039 and 8868.
2217
Calculate the greatest common factor of 4902 and 1187994.
114
What is the greatest common divisor of 731340 and 1683?
153
What is the greatest common factor of 110343800 and 50?
50
What is the greatest common factor of 202592 and 17056?
416
Calculate the greatest common factor of 8652 and 49606242.
4326
Calculate the highest common divisor of 13625 and 40482055.
545
Calculate the greatest common factor of 9366541 and 34.
17
Calculate the greatest common divisor of 25 and 229035.
5
What is the highest common divisor of 644688 and 2112?
528
What is the greatest common divisor of 454 and 4984693?
227
What is the highest common divisor of 4067380 and 5640?
940
What is the highest common factor of 5306029 and 10628?
2657
What is the greatest common divisor of 223752922 and 986?
58
Calculate the highest common factor of 81 and 3150453.
3
What is the highest common divisor of 5670 and 33470?
10
What is the greatest common factor of 470664 and 449496?
216
Calculate the highest common divisor of 105 and 9985570.
35
What is the greatest common factor of 648 and 8246232?
216
What is the greatest common factor of 3123978 and 76050?
78
What is the greatest common factor of 538 and 1536800228?
538
Calculate the greatest common divisor of 7080 and 3195195.
15
What is the highest common factor of 3842781 and 6192?
129
Calculate the highest common divisor of 534855 and 5611.
181
What is the highest common factor of 1502 and 1453724218?
1502
Calculate the greatest common divisor of 2 and 2182421.
1
What is the greatest common divisor of 12924648 and 8712?
792
What is the greatest common factor of 481 and 2172899?
37
What is the greatest common divisor of 8908350 and 7194?
66
Calculate the greatest common factor of 11232 and 3445104.
624
Calculate the highest common factor of 362014389 and 46101.
4191
What is the greatest common factor of 28618 and 187534?
82
Calculate the highest common factor of 135 and 10951065.
135
Calculate the greatest common divisor of 1135 and 1329539.
227
Calculate the highest common factor of 3000 and 458902000.
1000
What is the highest common divisor of 7 and 668717?
7
Calculate the highest common divisor of 446205 and 11820.
2955
Calculate the highest common factor of 212858 and 1857261.
1499
Calculate the highest common divisor of 316382 and 51538.
146
Calculate the highest common factor of 427917 and 63.
21
What is the highest common factor of 8609790 and 80?
10
What is the highest common factor of 442 and 89582571?
221
Calculate the greatest common divisor of 42305896 and 696.
232
What is the greatest common divisor of 1090 and 146419918?
218
What is the greatest common divisor of 819 and 14072877?
819
Calculate the greatest common divisor of 26823168 and 512.
512
Calculate the greatest common divisor of 12287766 and 5892.
2946
What is the highest common divisor of 7267568 and 92302?
4858
Calculate the highest common factor of 606501 and 11151.
189
Calculate the greatest common factor of 253877697 and 2799.
2799
Calculate the highest common divisor of 6161911 and 5404.
1351
What is the highest common factor of 2835 and 33363540?
315
Calculate the greatest common divisor of 11481 and 1857.
3
Calculate the greatest common divisor of 5737606 and 21206.
922
What is the greatest common divisor of 267014160 and 1584?
144
Calculate the highest common divisor of 16334201 and 39.
13
Calculate the greatest common factor of 17181353 and 1057.
7
Calculate the greatest common divisor of 63527188 and 118.
118
Calculate the greatest common factor of 180 and 85523976.
36
What is the greatest common factor of 640 and 786495?
5
What is the greatest common divisor of 5787 and 598383?
9
What is the greatest common divisor of 16 and 31459312?
16
What is the highest common factor of 218 and 13644?
2
What is the greatest common factor of 25251020 and 2220?
740
Calculate the highest common divisor